 in base 2?
1001010111101000111
What is -38841 (base 10) in base 13?
-148aa
-11261 (base 16) to base 10
-70241
Convert 176762 (base 15) to base 14.
217c31
What is b7927 (base 14) in base 6?
13301343
What is -8c8bb7 (base 15) in base 5?
-3204242042
What is 1846a2 (base 12) in base 2?
1100111001011011010
Convert -1000011100000011110000 (base 2) to base 6.
-115225040
-3314435 (base 6) to base 16
-286f7
-329a390 (base 12) to base 11
-54a8823
-15aa486 (base 12) to base 2
-10000111111110000100110
What is -211101201021 (base 3) in base 14?
-b6924
-20043435 (base 7) to base 6
-55311353
Convert 20203210013 (base 4) to base 11.
12a2080
Convert 11263e (base 16) to base 10.
1123902
5284648 (base 9) to base 14
539b13
Convert -1450520 (base 6) to base 10.
-84432
Convert 76181 (base 11) to base 10.
110683
-114044 (base 6) to base 3
-111200001
What is -88993 (base 10) in base 12?
-43601
Convert 13615103 (base 8) to base 9.
5724405
What is -3b957b (base 12) in base 14?
-1bb1cb
What is -237068 (base 9) in base 7?
-1133516
-3640a9 (base 14) to base 8
-7047165
What is -33e35 (base 15) in base 12?
-7b728
Convert -215363545 (base 7) to base 15.
-121e134
Convert 372a9 (base 15) to base 13.
6220b
Convert 1111101101110011101 (base 2) to base 8.
1755635
3223511 (base 6) to base 2
100110110011100011
-11010212102021 (base 3) to base 6
-115105524
What is -6623577 (base 8) in base 7?
-21061201
21010114 (base 5) to base 13
606bb
What is 10010032 (base 6) in base 11?
182344
317052 (base 16) to base 8
14270122
What is 855418 (base 10) in base 8?
3206572
1000110011000101110 (base 2) to base 16
4662e
Convert 10300032 (base 4) to base 15.
5b80
What is 1a73286 (base 11) in base 12?
1203047
229022 (base 10) to base 13
80321
Convert 2204623 (base 7) to base 6.
5444431
Convert -1d25cb (base 16) to base 4.
-13102113023
What is 41885 (base 12) in base 3?
11100212102
44055341 (base 6) to base 7
14112040
Convert 781b4 (base 12) to base 7.
1232206
10020015 (base 6) to base 16
44fab
Convert 3185360 (base 10) to base 3.
12222211111022
Convert -213405535 (base 6) to base 8.
-16424303
What is -175362 (base 8) in base 14?
-195aa
-3d0c4 (base 15) to base 8
-576536
3030671 (base 11) to base 8
24343462
162132 (base 8) to base 12
299b6
What is -159e7 (base 16) in base 15?
-1b386
Convert 3a14741 (base 11) to base 2.
11010011111110100000010
What is 11010111111000001 (base 2) in base 15?
22b39
Convert -512061 (base 9) to base 3.
-120102002001
-1120354 (base 7) to base 2
-100010000010110100
483898 (base 13) to base 12
6b0454
Convert 433340003 (base 5) to base 16.
1c508c
What is -8316253 (base 9) in base 11?
-2562780
Convert -1102200001 (base 3) to base 15.
-8544
-1a0341 (base 11) to base 15
-61349
67651 (base 10) to base 5
4131101
124124432 (base 6) to base 14
47643a
What is 2668b1 (base 12) in base 16?
9ab85
1b6147 (base 14) to base 15
1447b8
What is 16464632 (base 8) in base 4?
32212212122
Convert 310130121 (base 5) to base 6.
42522204
-37c449 (base 13) to base 6
-44423523
10111101100100100 (base 2) to base 14
2752c
What is -2530731 (base 9) in base 4?
-11100201211
What is 111364 (base 10) in base 4?
123030010
-354423551 (base 6) to base 3
-110112100101211
62254d (base 16) to base 6
345510045
Convert 5027398 (base 11) to base 5.
4234144444
-2ebde (base 16) to base 5
-22111304
What is -2234031 (base 5) in base 15?
-bc46
-62141302 (base 7) to base 4
-103312120003
What is -1321012232 (base 4) in base 6?
-14344302
520046 (base 8) to base 2
101010000000100110
What is 111949a (base 13) in base 4?
110001010013
What is 200343 (base 6) in base 7?
63510
Convert -66053403 (base 7) to base 2.
-10101100101111011100001
What is 130165 (base 10) in base 13?
47329
What is 211436666 (base 7) in base 14?
1948a6d
-1000011102 (base 3) to base 4
-10311122
What is -101010005 (base 6) in base 8?
-6456125
Convert 12210221003 (base 4) to base 14.
32bc79
What is -32652413 (base 7) in base 12?
-b3b902
What is 6811922 (base 10) in base 6?
402000402
What is -1b62c (base 16) in base 11?
-77305
What is 5005441 (base 7) in base 3?
1002222120201
Convert -5200411 (base 6) to base 7.
-2054620
-15652 (base 15) to base 14
-1b195
-30523435 (base 8) to base 6
-350323553
-76b51 (base 15) to base 10
-377176
What is -3445a4 (base 12) in base 13?
-2340a9
Convert -101010000110111001 (base 2) to base 11.
-108644
Convert 100232122212 (base 4) to base 11.
2525099
Convert 40001430 (base 5) to base 13.
ac46c
4701251 (base 8) to base 12
517b49
-745520 (base 8) to base 3
-110122002111
What is 655995 (base 10) in base 5?
131442440
553113 (base 7) to base 14
2757a
Convert -11300410343 (base 5) to base 12.
-43a3608
What is -101101100100100101 (base 2) in base 11?
-118272
-101001110110011010 (base 2) to base 10
-171418
What is -14d28 (base 15) in base 11?
-4644a
-1122020110200 (base 3) to base 8
-3244560
277036 (base 11) to base 13
122695
Convert -13223023010 (base 4) to base 3.
-10210012201202
What is -1416556 (base 8) in base 16?
-61d6e
-1a9eb (base 16) to base 10
-109035
What is 1000000100100001110 (base 2) in base 5?
31430322
What is 591200 (base 10) in base 4?
2100111200
Convert -1031011104 (base 6) to base 8.
-51651320
What is -201424 (base 9) in base 10?
-119173
-551405 (base 7) to base 3
-11220111012
Convert -216558 (base 10) to base 6.
-4350330
What is -36cb11 (base 13) in base 2?
-101000000101011001010
What is -110736 (base 14) in base 7?
-4624066
What is 317777 (base 9) in base 4?
232100020
Convert 224ed (base 16) to base 13.
4bc68
Convert 31600552 (base 7) to base 11.
1577651
What is -7e71a (base 15) in base 12?
-175421
Convert 142341423 (base 5) to base 4.
2312033320
132012445 (base 6) to base 13
70712c
What is -237231 (base 11) in base 8?
-1335502
What is -33240454 (base 6) in base 11?
-623919
What is 2209e (base 16) in base 7?
1120323
What is 521806 (base 12) in base 6?
43341210
2c1d (base 16) to base 2
10110000011101
Convert 132300331 (base 4) to base 2.
11110110000111101
What is 1010464 (base 7) in base 9?
203007
-103300333 (base 4) to base 16
-13c3f
-1000011001000101111010 (base 2) to base 11
-1272927
4a45b (base 14) to base 13
64a98
Convert 111111121210 (base 3) to base 2.
1000000111001010001
Convert -643 (base 7) to base 10.
-325
What is -210541044 (base 6) in base 13?
-9bc794
What is -21633254 (base 7) in base 8?
-7114032
-1001100100101101000000001 (base 2) to base 9
-41700481
What is -85a1a4 (base 11) in base 13?
-391c05
6771861 (base 9) to base 2
1101111010111101000100
What is 5351310 (base 6) in base 12?
108536
101c50 (base 15) to base 12
30b019
Convert 434503330 (base 6) to base 7.
123111324
What is 267436 (base 9) in base 16?
27c6c
What is -12212001020 (base 4) in base 11?
-a80790
31b055 (base 16) to base 13
8a0289
What is 11101101110000001110110 (base 2) in base 15?
a3d55a
Convert 2003410 (base 7) to base 9.
400411
34430202 (base 5) to base 7
2434405
-1023132 (base 8) to base 2
-1000010011001011010
What is -127a172 (base 11) in base 2?
-1000011011011101111100
What is 1011132001 (base 4) in base 9?
473281
-222ab (base 14) to base 7
-463404
Convert -1101111011000000100 (base 2) to base 16.
-6f604
What is 22111100220112 (base 3) in base 6?
240433022
Convert 1284027 (base 9) to base 4.
2230013020
Convert 11022122212112 (base 3) to base 8.
10604700
What is ba855 (base 13) in base 4?
1102122123
What is 103424312 (base 5) in base 2?
1101110010011111000
What is -34268 (base 14) in base 7?
-1035261
What is 121b84 (base 15) in base 4?
3103210213
What is 3422c (base 14) in base 12?
61368
Convert 11736575 (base 9) to base 7.
66615335
-504305 (base 8) to base 15
-34325
-2112201202112 (base 3) to base 13
-384a04
-5713664 (base 8) to base 15
-2081c9
Convert 102141043 (base 5) to base 8.
1503200
What is -1111110010100010000 (base 2) in base 4?
-1332110100
-1001110111101110100010 (base 2) to base 9
-4773410
What is 240403 (base 8) in base 12?
3b683
What is 82735 (base 15) in base 7?
3341114
197297 (base 10) to base 2
110000001010110001
What is 121215565 (base 7) in base 11?
42a9689
What is -42124204 (base 5) in base 6?
-11250131
Convert -1020022212100 (base 3) to base 6.
-22021013
What is 1020112101101 (base 3) in base 16?
a1239
-20002 (base 7) to base 6
-34124
137016 (base 15) to base 5
214404041
What is -5a75047 (base 11) in base 5?
-10